termine z(n).
-5
Let u(q) = -5*q + 5*q - 3*q + 2*q. What is u(-2)?
2
Let q(l) = -l - 2 + l**2 - 3*l**2 + l**2 - 3*l. Determine q(-6).
-14
Suppose -n + 9 = -2*n + 4*x, -5*n + 3*x = 28. Let a(t) = -t**2 - 4*t - 4. What is a(n)?
-9
Let t(r) be the first derivative of -r**4/4 - 2*r**3 - 7*r**2/2 - 5*r + 14. Let v be (-28)/6 - (-1)/(-3). What is t(v)?
5
Let q(b) = -b. Suppose 0 = 5*k - 4*z, 3*k + 4*z - 32 = -0*z. Let s = k - 9. Let y be 1/(s/6 - -1). Give q(y).
-6
Suppose -5 - 5 = -5*z. Let d(m) = -4*m - z - 2 + 3*m. Give d(-5).
1
Let m(g) = g + 3. Let s be m(6). Let t = s + -5. Let l(a) = -3*a + a**3 + 5*a**2 - 2*a**3 + 0*a - 4. Determine l(t).
0
Let x(d) be the first derivative of 0*d**3 + 1 - 1/12*d**4 + 0*d - d**2. Let a(c) be the second derivative of x(c). What is a(-1)?
2
Suppose -3*z - z = -8. Let r(v) = -3*v - 1. Calculate r(z).
-7
Let n(r) be the second derivative of r**3/6 - r**2/2 + 8*r. Give n(1).
0
Let p = -5 - -6. Let k be (-2 - p)*-1 + 2. Let n(u) = u - 5. Determine n(k).
0
Let a(l) = -2*l**2 - 19*l + 3. Let k(b) = -b**2 - 10*b + 1. Let m(f) = 4*a(f) - 7*k(f). Let n(p) = p**2 - 6. Let x be n(0). Calculate m(x).
5
Let h(z) = 4*z**2 + 2*z - 2. Let q(b) = 5*b**2 + 3*b - 2. Let y(m) = -2*m. Let o be y(1). Let v(g) = o*q(g) + 3*h(g). Calculate v(2).
6
Let d(l) = l**2 - 6*l + 3. Suppose -2*t = -7 - 1. Determine d(t).
-5
Let n(k) = 2*k - 1. Let c(l) = -3*l + 2. Let o(h) = 4*c(h) + 7*n(h). Let j = -33 + 36. Calculate o(j).
7
Let z(c) = c**3 + c**2 + c - 9. Let a be (-1)/6 - (-6)/36. Calculate z(a).
-9
Let q(b) = 2*b**2 - 2*b + 1. Suppose 5*p = 3*z - 10 - 22, 2*p = -2*z. Suppose 2*t = 4 + 2. Let w = z - t. What is q(w)?
1
Suppose -4*f + 9*f = 0. Let t(m) be the first derivative of m**5/60 + 7*m**3/6 - 2*m**2 + 3. Let q(c) be the second derivative of t(c). Determine q(f).
7
Let o(l) = 3*l**3 - 2*l + 1. Let p be o(1). Let s(n) = 3*n**2 - 1 + n - 2*n**2 - 3*n**2 + 2*n. Calculate s(p).
-3
Let i(x) = -x**2 + 2*x - 1. Suppose p = -5*s + 2*s + 14, 4*s = -5*p + 37. What is i(p)?
-16
Let j = 60 - 58. Let f(k) be the first derivative of 1 + 0*k - 3/2*k**j. Calculate f(-3).
9
Let i(n) be the second derivative of -4*n - 1/6*n**3 + 0 + 1/2*n**2. Determine i(-3).
4
Suppose -5*d - 18 = -2*d. Suppose -4*u + 12 = -12. Let n(r) = -3 + 0*r + u + r + 4. What is n(d)?
1
Let f = -1 + -6. Let b(r) = r - 2. Give b(f).
-9
Suppose -z = 2*z. Let n(g) = z*g + 7*g + 5 - 4*g. What is n(-4)?
-7
Let m(r) = r**2 + 7*r + 7. Let a(p) = -6*p**2 - 3*p - 2. Let g be a(-1). Determine m(g).
-3
Let g be (1 + (1 - 1))/(2/4). Let z(l) be the second derivative of -1/12*l**4 + 0*l**3 + 0 + 3*l - 5/2*l**g. Determine z(0).
-5
Let o be (2/(-6))/(1/(-6)). Suppose n - 6 = -o*n. Let r(k) = -1 + 0*k + 5*k + 3 - 3*k - 2*k**n. Give r(3).
-10
Let j(v) = -v - 2 + 4*v**2 - 3*v**2 + 7. Let r be j(0). Let t(q) = q**2 - 6*q - 3. Calculate t(r).
-8
Let w be (-14 - -11)*(1 + -2). Let x(c) be the first derivative of -2 - 5/3*c**3 + 2*c**2 - c + 1/4*c**4. Determine x(w).
-7
Suppose 2*z - 6 = -2*j - 2*z, 13 = -5*j + 4*z. Suppose -2*x - 11 = 5*n - 0*n, -3*x = n - 3. Let c(p) = -x*p + 4 - 4. What is c(j)?
2
Let p(u) = 4 + u + 3 + 5 - 2*u. Let w be ((1/1)/(-1))/1. Let n(r) = -5*r**3 + r + 1. Let v be n(w). Give p(v).
7
Let j = 12 + -3. Let h(s) = 2*s + 4 + j - 9. Calculate h(5).
14
Suppose -2*a + 2*l = 2*a + 8, 2*a - 3*l = -4. Let v(y) = -4*y**2 - 4*y - 3. Determine v(a).
-11
Let d = 18 - 17. Let i(s) = 5*s + s - 3*s. Determine i(d).
3
Let z(t) = t**2 + 4*t. Let w(g) = 5*g - 3*g - g**3 + 4 + 4*g**2 - 7*g. Let v be w(3). Determine z(v).
-4
Let k(q) = -2 + 9 - q + q**2 + 7*q. Give k(-5).
2
Let x(q) = -2*q**2 - 4*q + 1. Let v = -8 - -11. Let y be (v/2)/(4/40). Suppose -a - y = 4*a. Determine x(a).
-5
Let i(f) = f - 1. Let k be (-1)/2*(-1 + 1). Suppose k*m = -m. Suppose 5*b = -m*b - 5. Determine i(b).
-2
Let v = 19 - 23. Let t(w) = -w**3 - 6*w**2 - 5*w + 3. Give t(v).
-9
Suppose -2*y - 3*r - 4 = 0, -4*y = -3*y + 2*r + 1. Let n(v) = 1. Let i(h) = 0 - 4*h - 12 + 3*h + 1. Let m(d) = i(d) + 5*n(d). Give m(y).
-1
Let v(n) be the third derivative of 0 - n**2 + 0*n + 1/24*n**4 + 0*n**3. Let g be (4/6)/((-8)/(-60)). Determine v(g).
5
Let v(m) = m - 3. Let l be v(5). Let g(w) = -7 - 7 + 12 + l*w. Give g(3).
4
Let s(i) be the first derivative of i**4/4 - 7*i**3/3 + 7*i**2/2 - 4*i - 6. Determine s(6).
2
Let f = -1211 + 1211. Let w(u) = -5*u**2 - 7*u - 15. Let g(p) = p**2 + p + 1. Let z(x) = 6*g(x) + w(x). Calculate z(f).
-9
Let d = -9 + 9. Let i = -3 - -3. Let f = d - i. Let o(q) = q**2 - q - 1. Determine o(f).
-1
Let l(m) = m**2 + 5*m - 1. Let s(d) = d**2 + 3*d - 7. Let k be s(-5). Let x = k - 8. Determine l(x).
-1
Let w(j) = -4*j**2 + j + 1. Let x be w(-1). Let c(l) = l + 5. What is c(x)?
1
Let y(v) = v**2 + 6*v**2 + 7*v**3 + 6*v**3 + 13 - 7*v. Let r = 60 - 62. Let c(p) = 3*p**3 + 2*p**2 - 2*p + 3. Let q(j) = r*y(j) + 9*c(j). Determine q(-5).
-4
Let w = 142 - 147. Let v(q) = 2*q**2 + 7*q + 1. What is v(w)?
16
Let k be ((-2)/8)/((-3)/24). Suppose -k*d = 1 + 9. Let p(m) = -3 - 1 + 0 + 7 - m. Give p(d).
8
Let f be (-4)/(-10)*(-40)/(-8). Suppose -b - 3*w - f*w = -3, 0 = -3*w. Let z(l) = -l - 1. Let d(o) = -1. Let y(c) = d(c) + z(c). Determine y(b).
-5
Let l(s) = -5*s**2 - 5*s - 10. Let t(d) = -d**2 - d - 2. Let c(q) = 2*l(q) - 11*t(q). Calculate c(2).
8
Suppose -2 = -4*j + 6. Suppose -j*a + 3*a = 2. Suppose -7 = -a*q - 1. Let c(s) = s**2 - 3*s - 1. What is c(q)?
-1
Let u(g) = g**3 + 4*g**2 + 4*g + 4. Suppose -3*t = 33 - 24. Give u(t).
1
Let k(l) be the second derivative of l**3/6 + l**2/2 - 4*l. Determine k(-1).
0
Let g(q) be the second derivative of -1/2*q**3 + 3*q**2 - 2*q + 0. Give g(4).
-6
Suppose -4*k - 2 = 2*z, -22 = -k + z - 6*z. Let d = -1 + 1. Let q(a) = d*a + 5 - 1 + a. Calculate q(k).
1
Let b(z) = -z + 1. Suppose 3*h = -4*v + 20 - 9, -7 = -5*h - v. Suppose -2 = -j - h. Let a be (3*(-10)/(-6))/j. Calculate b(a).
-4
Let p(l) = -l**2 + 5*l + 2. Let t be p(5). Suppose 0 = t*s - n, -4*s + 3*n - 1 = 3. Let c(v) = -2*v**2 + 4*v - 2. Calculate c(s).
-2
Let m(u) be the third derivative of u**4/24 - 2*u**3/3 + 2*u**2 - 33. What is m(-4)?
-8
Let b = -16 + 24. Let r(y) = -y**3 + 9*y**2 - 7*y - 2. Determine r(b).
6
Let w be (8/16)/(1/(-12)). Let x = w - -10. Let p(z) = z - 5. Determine p(x).
-1
Let n(y) = -y**2 + y. Let b(d) = 7*d**2 + 2. Let m(i) = -b(i) - 6*n(i). Suppose 7*z + 10 = 2*z, -4*q - 28 = 4*z. Determine m(q).
3
Suppose 2*w + 9 = -11. Let m(k) = k**2 + 9*k - 4. Give m(w).
6
Let i(v) = 35*v + v**2 + 4 - 32*v - 3 - 5. Give i(-3).
-4
Suppose 2*r - 3*r = -45. Suppose 2*q = h - r, -3*q - h + 3*h - 69 = 0. Let y be 48/21 + 6/q. Let v(p) = -p**3 + 3*p**2 - 3*p. What is v(y)?
-2
Let j(k) = k. Let s = 8 + -6. What is j(s)?
2
Let t(o) = o**2 + 0 - 2 + 0. Let s = 1 - -11. Suppose -g = -5*d - s, -4*d = -3*g + 7*g. What is t(g)?
2
Let z(q) = q**2 + 3*q - 6. Let j(k) be the first derivative of -k**2 + 9*k - 5. Let b be j(7). Give z(b).
4
Let y(h) = h + 2. Let d(t) = t + 6. Let c be d(-12). Calculate y(c).
-4
Let f(x) be the third derivative of -x**6/120 - x**5/15 - x**4/24 - 6*x**2. Suppose i = 0, -5*y + 12 = -2*y + 5*i. Suppose 0 = y*u - 8 + 24. What is f(u)?
4
Let s(c) = 4*c + 5. Suppose -4*n + 15 = -7*n. What is s(n)?
-15
Let y(o) = -o + 1. Let g = -8 + 8. What is y(g)?
1
Let a(w) = 3 + 3*w + 4 - 4. Suppose -3*k + 5 = -5*k - 3*p, -19 = -5*k + 3*p. Let l be 0 + k + 0 - 4. Give a(l).
-3
Let j(p) = 7*p - 10*p - p**2 + 3 + 4*p. Determine j(0).
3
Let d(n) = n**2 + 5*n + 1. Let i be d(-3). Let j = -7 - i. Let s(y) = -y**3 - 3*y**2 - 2*y - 1. Calculate s(j).
-1
Let v(g) = -3*g - 3. Suppose -3*x + 8 = -7. Suppose 12 = -3*t - y - 5, x*t + 5 = 3*y. Let q be t*2*6/16. What is v(q)?
6
Let i = 9 - 5. Let a(g) = 6*g**3 - 3*g**2 + 13*g**3 + i - 4*g - 18*g**3. Determine a(4).
4
Let f(r) = r**3 + r**2 - 13. Let z(p) = -7*p. Let a(x) = 3*x. Let u(v) = -5*a(v) - 2*z(v). Let g be u(0). What is f(g)?
-13
Suppose -5*f = -x - f + 7, 5*x = -5*f + 10. Let h(v) = 2*v**2 + 5*v - 11. Let n(m) = -m**2 - 2*m + 6. Let t(i) = x*h(i) + 7*n(i). Give t(0).
9
Let x(l) = -3*l + l**2 + 6*l + 3 + 3*l. Let v(g) = 3*g + 9. Let s be v(-5). Give x(s).
3
Let r(f) = 2*f - 9 - 1 + 0*f + 6 - 2*f**2 - f**3. Suppose -4*w + 0*w = 0. Suppose 2*j - 4*z - 12 = 6*j, 4*z = w. 